highest common factor of 356 and 703367?
89
Calculate the highest common divisor of 6168 and 301737018.
1542
Calculate the greatest common divisor of 19 and 338568733.
19
What is the highest common factor of 475281 and 113535?
783
Calculate the greatest common divisor of 1334 and 161175214.
1334
Calculate the highest common factor of 1065730869 and 25052.
6263
What is the greatest common factor of 21081445 and 170?
85
What is the highest common factor of 1139438 and 5764?
262
Calculate the greatest common factor of 62988 and 204.
12
What is the greatest common factor of 33118 and 371577?
29
What is the highest common factor of 29000715 and 7060?
1765
Calculate the greatest common factor of 53577160 and 4264.
4264
Calculate the highest common divisor of 426754590 and 10.
10
What is the highest common factor of 219134839 and 1001?
77
What is the greatest common factor of 21111702 and 16154?
394
Calculate the greatest common divisor of 161240101 and 22.
11
Calculate the highest common factor of 8 and 172278.
2
Calculate the highest common factor of 26 and 394693.
13
Calculate the greatest common factor of 358315012 and 554.
554
Calculate the greatest common divisor of 22864228 and 1528.
764
Calculate the greatest common divisor of 996 and 1034408748.
996
What is the greatest common divisor of 1466 and 579899023?
733
What is the highest common factor of 1215 and 5761449?
81
Calculate the greatest common divisor of 28 and 173133674.
14
Calculate the highest common factor of 30474588 and 144.
12
What is the greatest common divisor of 1097928 and 208572?
156
What is the greatest common factor of 104 and 16016052?
52
Calculate the highest common divisor of 1035680 and 192.
32
What is the highest common factor of 3072 and 683026176?
768
What is the highest common divisor of 470 and 112203805?
235
What is the greatest common divisor of 37616 and 166928?
16
What is the highest common factor of 784460 and 6943114?
1286
Calculate the highest common divisor of 5 and 48236585.
5
What is the highest common divisor of 20 and 2675930890?
10
What is the highest common divisor of 513448 and 1040?
104
Calculate the greatest common factor of 134140 and 11078905.
1765
Calculate the greatest common divisor of 1440732 and 34506.
426
What is the greatest common divisor of 10393 and 1406884?
547
What is the highest common divisor of 99630 and 6738390?
2430
What is the greatest common factor of 210 and 796695?
15
What is the highest common factor of 84058 and 720044?
1586
What is the highest common divisor of 27 and 793628469?
27
Calculate the highest common divisor of 10260035 and 11410.
815
What is the greatest common divisor of 12 and 1048992492?
12
What is the highest common factor of 2107 and 105644?
49
What is the greatest common factor of 120 and 46947630?
30
Calculate the greatest common factor of 585222348 and 22695.
4539
Calculate the greatest common divisor of 172 and 1104326.
86
Calculate the highest common factor of 17408856 and 112344.
744
Calculate the highest common factor of 94764 and 13038.
318
Calculate the highest common factor of 14274 and 109017.
9
What is the greatest common factor of 1817 and 341203133?
79
What is the greatest common factor of 179906 and 2741611?
3911
What is the greatest common divisor of 1151509 and 6223?
127
What is the greatest common factor of 5176355 and 139103?
1231
Calculate the greatest common divisor of 2625 and 3073014.
21
What is the greatest common divisor of 3116 and 53397334?
1558
What is the greatest common divisor of 4305 and 267855?
105
What is the highest common factor of 883880 and 608760?
760
Calculate the highest common factor of 481 and 2949011.
481
What is the highest common divisor of 181 and 79214831?
181
Calculate the highest common factor of 87894862 and 4.
2
Calculate the highest common factor of 7968 and 180252.
12
Calculate the highest common divisor of 57967 and 9711.
13
What is the highest common factor of 17700 and 468696?
708
What is the greatest common divisor of 288 and 266054176?
32
Calculate the greatest common divisor of 13301 and 426854.
47
Calculate the greatest common factor of 7228 and 8564.
4
What is the highest common factor of 63 and 1568340963?
63
What is the greatest common divisor of 6570 and 10179558?
1314
Calculate the greatest common divisor of 3215567 and 493.
17
What is the highest common factor of 1581733 and 1679?
23
What is the highest common factor of 2294 and 80550369?
1147
What is the highest common divisor of 2 and 32912840?
2
Calculate the highest common divisor of 32962914 and 12.
6
What is the highest common factor of 37091 and 21566498?
1279
What is the greatest common factor of 11065405 and 1118?
559
What is the greatest common factor of 124 and 972810442?
62
Calculate the greatest common factor of 750684 and 54426.
282
What is the highest common divisor of 2668174 and 12850?
514
Calculate the highest common factor of 281062 and 356.
178
Calculate the greatest common factor of 35 and 6761804.
7
What is the highest common divisor of 344465 and 4939?
11
What is the highest common divisor of 24192 and 10015056?
432
Calculate the greatest common factor of 398739 and 45408.
1419
What is the greatest common factor of 1062942 and 2452?
1226
What is the highest common divisor of 143 and 812251?
11
What is the greatest common divisor of 681 and 38389332?
681
Calculate the highest common divisor of 30520 and 168732.
436
Calculate the highest common factor of 194351 and 8851.
53
What is the highest common divisor of 274815 and 742887?
1773
What is the highest common factor of 770 and 89193192?
22
Calculate the highest common divisor of 385 and 26884445.
35
Calculate the greatest common factor of 23866710 and 9570.
870
Calculate the greatest common divisor of 354546794 and 14.
14
What is the highest common factor of 279 and 35978817?
93
What is the greatest common factor of 15348 and 599853558?
7674
What is the highest common factor of 81312 and 5016660?
1452
What is the greatest common divisor of 123 and 1104861?
3
Calculate the highest common factor of 6035 and 1598210.
355
Calculate the greatest common divisor of 741445 and 160625.
1285
Calculate the highest common divisor of 332214 and 27948.
102
Calculate the highest common divisor of 213444276 and 22392.
3732
Calculate the highest common factor of 19974008 and 1628696.
9992
What is the greatest common factor of 9792 and 150112?
32
What is the highest common factor of 1814 and 28424473?
907
Calculate the greatest common factor of 480 and 1021814880.
480
Calculate the highest common divisor of 11148804 and 1224.
612
Calculate the highest common factor of 68000 and 27754200.
3400
What is the highest common divisor of 27750 and 341843?
37
Calculate the highest common divisor of 1924 and 3569254.
26
What is the highest common divisor of 5918 and 525088?
538
Calculate the highest common factor of 26821102 and 669.
223
What is the highest common divisor of 434716618 and 2765?
553
Calculate the highest common divisor of 3285926 and 297514.
1106
Calculate the highest common divisor of 844645 and 1190.
85
What is the greatest common factor of 2017063496 and 14?
14
Calculate the highest common factor of 105 and 8447145.
105
What is the highest common divisor of 191 and 5915461?
191
Calculate the highest common factor of 17761760 and 2945.
155
What is the highest common divisor of 1240641 and 6408?
9
What is the greatest common divisor of 3983099604 and 33?
33
Calculate the highest common factor of 3804 and 281513752.
1268
What is the highest common factor of 3756 and 2395289466?
1878
Calculate the highest common factor of 23872 and 93824.
64
Calculate the greatest common factor of 953846 and 4582.
158
Calculate the greatest common divisor of 514960 and 18997.
157
What is the greatest common divisor of 1408 and 5354096?
176
What is the highest common divisor of 10188321 and 381?
381
What is the greatest common factor of 30257406 and 54?
18
What is the greatest common factor of 61807 and 15591629?
3253
What is the greatest common factor of 2781 and 2293311789?
927
Calculate the greatest common factor of 1043870 and 861748.
4442
Calculate the highest common divisor of 12620960 and 1102772.
3124
What is the greatest common divisor